 18*u + 344. What is the remainder when i(-10) is divided by 13?
8
Suppose 0 = 40*b - 137*b + 9797. What is the remainder when 33126 is divided by b?
99
Suppose -7*p + 46 = 74. What is the remainder when 156 is divided by p/(-22) + 1312/44 + -2?
16
Calculate the remainder when (((-117)/(-18))/(-13)*-134)/((-4)/(-24)) is divided by 191.
20
Suppose -10*c + 11*c - 49 = 0. Let m(w) = 16*w + 27. Calculate the remainder when c is divided by m(0).
22
Let q(u) = u + 39. Let h = 163 - 191. What is the remainder when 42 is divided by q(h)?
9
Let t = 87 + -78. Let m(q) = q**3 - 9*q**2 + q - 4. Let h be m(t). Suppose -g + 5*d + 2 = -72, h*g + 2*d = 235. What is the remainder when g is divided by 17?
15
Let k(q) = 3*q + 45. Let p be k(-11). Suppose -3*z + p = 0, -6*a + 2*a - 2*z + 568 = 0. Calculate the remainder when a is divided by 36.
32
Let y(z) = 3*z**2 + 8*z - 85. Suppose -76 = -17*d + 9. What is the remainder when 35 is divided by y(d)?
5
Suppose -2*w + 798 = 2*r, 481*w = 477*w - 3*r + 1600. Calculate the remainder when w is divided by (602/35 - 1)*(2 + 3).
79
Suppose -164*y = 9*y - 14013. What is the remainder when y is divided by 17?
13
Let l = 78 + -50. Let m(h) = -2*h**2 + 34*h - 9. Calculate the remainder when m(8) is divided by l.
23
Let r be (-9 - 0)*((-680)/15)/8. Suppose 23 = -a + r. Calculate the remainder when 91 is divided by a.
7
Suppose 3737 = 14*a + 979. Calculate the remainder when 245 is divided by a.
48
Let w = -63 + 63. Suppose -8*i + 249 + 591 = w. What is the remainder when i is divided by 2?
1
Suppose -6*q + 2*q = -4*x - 36, 5*q = 3*x + 23. Let w = -9 - x. What is the remainder when 40 is divided by w + 0 + -3 - (2 - 25)?
18
Suppose 34*o - 135 = 25*o. Calculate the remainder when 0 - -3 - (0 - o) is divided by 4.
2
Suppose 181*t - 8568 = 163*t. Suppose -5*w = 3*f - 69, -w + 14 = -4*f - 9. Calculate the remainder when t is divided by w.
11
Let w(g) = 16*g**2 - g + 7. Let x be w(3). What is the remainder when x/(-518) + 3266/14 is divided by 24?
17
Let y(i) = -30*i - 5. Let n be y(-2). Let s = n + -50. Suppose -s*z + 26 + 54 = 0. What is the remainder when 31 is divided by z?
15
What is the remainder when 656 is divided by 10854/99 - (-64)/176?
106
Let b(d) = 9*d - 9. Let o be -2 + 14 + (-4 - -1). Let l be b(o). Suppose 0 = 17*m - 8*m - l. What is the remainder when 31 is divided by m?
7
Let w be (6 + -1)/(7/7). Suppose -5*m + 80 = -w*k, k + k + 47 = 3*m. What is the remainder when 2*6*1593/324 is divided by m?
14
Let r be 10 + 0 - (-17)/(-17). Suppose 256 - 76 = r*f. Calculate the remainder when 57 is divided by f.
17
Let s(f) = f**3 - f**2 - 3*f - 5. Suppose -98 = -3*n + 2*t, -3*n + 56 = -17*t + 21*t. Calculate the remainder when s(5) is divided by n.
24
Suppose -m = -2*i + 870, i + 3*m = 165 + 270. Let v = i + -190. Calculate the remainder when v is divided by 83.
79
Calculate the remainder when 921 is divided by 7 - (22 - 36 - 142).
106
Let o(n) = 6 - 27*n**2 - 28*n**2 + 4*n + 58*n**2 + 5*n. Let b be o(8). What is the remainder when 70 is divided by (1/(-3))/((-5)/b)?
16
Suppose 11*i - 207 = 189. Suppose 0 = -i*j + 53*j - 306. Calculate the remainder when 250 is divided by j.
16
Suppose -2*o + 2*o - 2*o = 0. Let a be o/(-1)*3/6. Suppose a = -7*g + 10*g - 90. What is the remainder when g is divided by 12?
6
Let l(n) = 99*n - 5464. What is the remainder when 1444 is divided by l(57)?
12
Let y(k) = k**3 + 5*k**2 - 29*k + 57. Let m = 300 - 113. What is the remainder when m is divided by y(-8)?
90
Let l(i) = -i**3 + 11*i**2 + 436*i + 79. Calculate the remainder when 492 is divided by l(-16).
12
Suppose 31*b - 36*b - 3*v + 371 = 0, 8 = 4*v. What is the remainder when 582 is divided by b?
71
Suppose z = -6*g + 2136, -16*g + 11*g = -30. What is the remainder when z is divided by 305?
270
Let c(m) = 32*m - 4. Let g be c(1). Suppose g*t - 21*t = 2135. Calculate the remainder when t is divided by 44.
41
Suppose 41*v - v - 12*v - 26096 = 0. Calculate the remainder when v is divided by 302.
26
Let w = -15 + 18. What is the remainder when ((-7)/(-3))/(-8 - (-325)/39) is divided by 7/w + (-1)/3?
1
What is the remainder when 4/5*(-93125)/(-250) is divided by 52?
38
Suppose -22*n + 2276 = -2058. What is the remainder when n is divided by 87/5 + (-4)/10?
10
What is the remainder when 4/((-8)/354)*1108/(-1662) is divided by -3 - (0/(-1) - 46)?
32
Let y(o) = -o**2 + 123*o + 7018. Calculate the remainder when 9236 is divided by y(-42).
84
Let s(f) = -f**2 - 15*f - 19. Let x be s(-13). Suppose -x*p + 1412 = -4251. What is the remainder when p is divided by 28?
25
Let y(j) = 67*j - 26. Let n be y(8). Suppose z - n = -5*b, 5*z + 76 = 2*b - b. Let x(o) = 2*o**2 + 11*o + 5. Calculate the remainder when b is divided by x(-7).
23
Suppose -90*m = -84*m - 42. Suppose -3*j = -5*u - 126, m*j = 9*j + u - 71. Calculate the remainder when 110 is divided by j.
36
Let g(o) = -2*o**3 + 7*o**2 + 6*o + 18. Suppose 14 + 7 = 3*q. Let b be g(q). Let p = -163 - b. What is the remainder when p is divided by 42?
36
Suppose 7*u = 8*u. Suppose u = -m + 4*s, -18 = -m - m - s. Calculate the remainder when 77 is divided by m.
5
Suppose -7*t - 289 = -16*t + 161. Let u = -11 + 48. Calculate the remainder when t is divided by u.
13
Suppose 403 = 5*j + 4*k, 2*j - 18*k + 22*k = 166. Calculate the remainder when j is divided by 24.
7
Let d(n) be the second derivative of -11*n**3/6 + 12*n**2 + 57*n. What is the remainder when d(-9) is divided by 18?
15
Suppose 0 = 2*t - 177 + 91. Let i = t - 27. Let w(s) = -8*s - 3. Calculate the remainder when w(-4) is divided by i.
13
Let f(t) = -t**2 + 71*t + 1013. Calculate the remainder when f(79) is divided by 53.
10
Calculate the remainder when (87/(-609))/((-2)/434) is divided by 22.
9
Calculate the remainder when 76 is divided by 65 + (-23)/(69/42).
25
Let j(i) = 9*i - 20*i + i**2 - 2*i**2 - 5. What is the remainder when 94 is divided by j(-8)?
18
Let s = -401 + 439. Let g(j) = -9*j**3 - 2*j + 1. What is the remainder when g(-2) is divided by (26/3)/(s/171)?
38
Let h(x) = -8*x + 801. Calculate the remainder when h(91) is divided by 60.
13
Let z = -45 - -68. What is the remainder when 1101 is divided by (z/207)/(1/207)?
20
Let v = -16296 - -16734. Calculate the remainder when v is divided by 17.
13
Let f(x) = -28*x - 54. Let n be f(3). Let s = n - -180. What is the remainder when s is divided by 13?
3
Let g = 42032 + -40622. What is the remainder when g is divided by 24?
18
Let z = 20710 - 20682. Calculate the remainder when 21025 is divided by z.
25
Let o(a) = -3*a**3 - 16*a**2 + 9*a - 11. Let c be o(-6). Suppose 0 = -4*f - c + 563. Calculate the remainder when f is divided by 29.
23
Suppose 0 = 161*u - 166*u + 1620. Calculate the remainder when u is divided by 49.
30
Let o(c) = 33*c - 24 - 12 - 3 - 58. Let i = 45 + -19. What is the remainder when o(6) is divided by i?
23
Suppose 1168 = -97*m + 105*m. What is the remainder when m is divided by 69?
8
Let j(a) = -39*a + 36. Let u(m) = 39*m - 35. Let n(z) = -6*j(z) - 7*u(z). What is the remainder when n(-2) is divided by 9?
8
Let o = 120 - 64. Let n = -53 + o. Calculate the remainder when 41 is divided by n/(-1)*(-7)/9*3.
6
Suppose -32*g - 5598 = -2*x - 27*g, -5*g = -5*x + 14010. What is the remainder when x is divided by 46?
44
Let q(a) = 11*a**3 - 12*a**3 - 5*a**2 + 5*a - 8 + a**2 - a**2. Let i be q(-7). Suppose -25 - i = -5*k. Calculate the remainder when 25 is divided by k.
9
Let m = 22 + -6. Suppose -9 = 3*w, -4*w - 4 = 5*l - 2. Suppose -3*r + 114 = 2*j - r, l*r = 5*j - 299. What is the remainder when j is divided by m?
11
Let p(u) = -2*u**2. Let o be p(-1). Calculate the remainder when o/(3/(-111)*2) is divided by 9.
1
Let g = 3129 - 3123. Calculate the remainder when 2405 is divided by g.
5
Suppose -7*j + 87 = -802. Let d = -1076 - -1119. Calculate the remainder when j is divided by d.
41
Suppose -103 = n + 37*o, -11*o = -3*n - 6*o + 271. What is the remainder when 160 is divided by n?
78
Suppose 4*c = -2*j + 30, 0 = -11*c + 6*c - j + 42. Calculate the remainder when 2661 is divided by c.
6
Suppose 4*z - 225 = -3*c, 17*c = 20*c - 5*z - 225. What is the remainder when 591 is divided by c?
66
Let f(m) = -11*m - 116. Let z be f(-11). Suppose 0 = 3*j - 3*y - 198, -4*j + z*y = -78 - 186